hat is -3 - b?
-e
In base 11, what is 3 + 219a?
21a2
In base 15, what is b5 + 4?
b9
In base 4, what is -3201 - 2?
-3203
In base 5, what is -41 + -2?
-43
In base 8, what is 677 - 5?
672
In base 14, what is 7 - a9?
-a2
In base 14, what is -3825 - -2?
-3823
In base 9, what is 0 - 2871?
-2871
In base 4, what is -10 - -13110?
13100
In base 15, what is 2 + -a?
-8
In base 3, what is -1111001 - -12?
-1110212
In base 11, what is 53 + -9?
45
In base 14, what is 276 - 7?
26d
In base 12, what is -3 + 49?
46
In base 7, what is -10 + 146?
136
In base 14, what is 4c - -6?
54
In base 3, what is 1 + 1100?
1101
In base 5, what is 203 - 1?
202
In base 8, what is -3 - -22?
17
In base 2, what is 0 + 1000?
1000
In base 3, what is -10011 + 211?
-2100
In base 8, what is -5 + -2361?
-2366
In base 3, what is -1 - 122020?
-122021
In base 6, what is -13 + 12413?
12400
In base 3, what is 102 + 1012100?
1012202
In base 14, what is -1 - -98?
97
In base 5, what is -21 - 3104?
-3130
In base 12, what is -1 - 90?
-91
In base 14, what is 382 - -9?
38b
In base 10, what is 1 + 2328?
2329
In base 9, what is -2231 + -1?
-2232
In base 14, what is -1db - 1?
-1dc
In base 3, what is -201 + -2?
-210
In base 5, what is -3133 + -120?
-3303
In base 7, what is -5051 - 1?
-5052
In base 8, what is -3052 - -4?
-3046
In base 8, what is -2 - 14421?
-14423
In base 10, what is 13 + 0?
13
In base 2, what is -1000 + 100100101?
100011101
In base 11, what is -10 + 161?
151
In base 3, what is 0 + 121?
121
In base 11, what is -778 + 3?
-775
In base 12, what is 8 - 18?
-10
In base 8, what is 20 + -17?
1
In base 11, what is -4 + 81?
78
In base 8, what is -42 + -43?
-105
In base 15, what is 7b + -1b?
60
In base 5, what is -12222 - 3?
-12230
In base 6, what is 0 - 304?
-304
In base 4, what is -30 + 22010?
21320
In base 9, what is -46 + 677?
631
In base 12, what is 95 - 3?
92
In base 15, what is -18 + -71?
-89
In base 11, what is -74 - 29?
-a2
In base 8, what is 2017 + -3?
2014
In base 5, what is -4 - 414?
-423
In base 3, what is 101 - 211?
-110
In base 14, what is 3 + 84?
87
In base 12, what is -218 - -4?
-214
In base 5, what is 100303 - -1?
100304
In base 8, what is 471 - -30?
521
In base 9, what is 12473 - 3?
12470
In base 6, what is 53 + -4?
45
In base 7, what is 1560 + 5?
1565
In base 13, what is -5 - c?
-14
In base 2, what is -111 - -111010001?
111001010
In base 3, what is 21022 - 1?
21021
In base 15, what is 1bc1 - 2?
1bbe
In base 2, what is 11010010 + -101?
11001101
In base 6, what is -5 - 245?
-254
In base 11, what is -61a + -a?
-629
In base 5, what is 221 - -2101?
2322
In base 11, what is 2 - -31a?
321
In base 4, what is -10 + 13332?
13322
In base 15, what is -4e - bc?
-11b
In base 13, what is 1b7 + 0?
1b7
In base 13, what is -5 - 67?
-6c
In base 14, what is 36 + 4?
3a
In base 16, what is -31 - -26?
-b
In base 6, what is 3121 - 4?
3113
In base 8, what is -14453 - -2?
-14451
In base 13, what is a - 1?
9
In base 10, what is -13 + 7?
-6
In base 15, what is -152 + 2?
-150
In base 16, what is -5 + 10bb?
10b6
In base 13, what is -4 + 34?
30
In base 10, what is -5 + -10?
-15
In base 5, what is 2 - 322?
-320
In base 2, what is -1010110000 - 100?
-1010110100
In base 4, what is -30 + 1030?
1000
In base 10, what is 135 + -15?
120
In base 13, what is 3 - -1214?
1217
In base 10, what is -267 + -1?
-268
In base 6, what is -11 + 102?
51
In base 3, what is -2220 - 1?
-2221
In base 15, what is 4 + -52?
-4d
In base 5, what is 1421101 + 2?
1421103
In base 15, what is 1 - 7c5?
-7c4
In base 6, what is -3 + -135?
-142
In base 14, what is 3635 - 1?
3634
In base 7, what is 4 + 24?
31
In base 5, what is -13 + -131?
-144
In base 9, what is -11 - 75?
-86
In base 16, what is -5 - d6?
-db
In base 13, what is 226 - 2?
224
In base 13, what is -3 + -b8?
-bb
In base 4, what is -1 + 120?
113
In base 9, what is -78 + -4?
-83
In base 5, what is -1124 - -3?
-1121
In base 10, what is -6 - 291?
-297
In base 11, what is -10 - 11?
-21
In base 16, what is -79 + f?
-6a
In base 3, what is 12201 + -1?
12200
In base 14, what is -17c + -1?
-17d
In base 16, what is -4 - -12?
e
In base 7, what is -6 - -645?
636
In base 16, what is 2ec - -1?
2ed
In base 2, what is -111110001 - 1101?
-111111110
In base 10, what is 2 - -226?
228
In base 2, what is -1001010 - 1?
-1001011
In base 15, what is -6 - -dd?
d7
In base 12, what is 26 + 5?
2b
In base 11, what is -1a4 - -1?
-1a3
In base 7, what is -104 + 1?
-103
In base 5, what is 10 - -32012?
32022
In base 11, what is -a4 - 3?
-a7
In base 8, what is 11 + 43?
54
In base 15, what is 17d + -4?
179
In base 3, what is 111012 + 112?
111201
In base 15, what is -3 - -49?
46
In base 11, what is -70 - 15?
-85
In base 14, what is 14 - 0?
14
In base 5, what is -1221 - 2?
-1223
In base 5, what is -24204 + 13?
-24141
In base 11, what is 29 - -12?
40
In base 11, what is 1a8 + -5?
1a3
In base 9, what is -20 - -11?
-8
In base 15, what is -47 - -1a?
-2c
In base 7, what is 6 - -110?
116
In base 3, what is 22 + -22?
0
In base 12, what is 2 - -149?
14b
In base 10, what is -8 - -94?
86
In base 2, what is -10 - 100001?
-100011
In base 2, what is 1 + 11001110111?
11001111000
In base 7, what is -10454 - 0?
-10454
In base 4, what is 11 - -1223?
1300
In base 8, what is 61 - -1?
62
In base 5, what is -1023242 + 3?
-1023234
In base 9, what is -137 - -4?
-133
In base 11, what is 7 + -224?
-218
In base 10, what is -544 - -1?
-543
In base 15, what is -1 + -267?
-268
In base 5, what is -1031 - -140?
-341
In base 4, what is 10 - 1213?
-1203
In base 10, what is -25 + 275?
250
In base 12, what is -1a4 + -5?
-1a9
In base 4, what is -131 - -31?
-100
In base 7, what is 2 + 50?
52
In base 9, what is -177 - -4?
-173
In base 15, what is 24 + 15?
39
In base 7, what is -2433 + -3?
-2436
In base 13, what is -3754 + 1?
-3753
In base 12, what is -3ba3 + -1?
-3ba4
In base 11, what is -17 + 9?
-9
In base 9, what is 0 - 26?
-26
In base 12, what is 0 + aa?
aa
In base 16, what is -13 - -4e?
3b
In base 13, what is -4 + -3b9?
-3c0
In base 15, what is -11 + -64?
-75
In base 9, what is 340 + -2?
337
In base 5, what is -40222 + 2?
-40220
In base 10, what is -2 + 99?
97
In base 16, what is -2 + -11bb?
-11bd
In base 9, what is -4 - -40?
35
In base 16, what is -2 - 120?
-122
In base 2, what is -10101110100100 - 1?
-10101110100101
In base 5, what is -4 - 1301?
-1310
In base 13, what is b876 + -3?
b873
In base 2, what is -100 + -101001110101?
-101001111001
In base 7, what is 2 - 233?
-231
In base 15, what is 5 - -2ed?
303
In base 3, what is -2201 - 2?
-2210
In base 16, what is -3583 - -1?
-3582
In base 14, what is -30 + -32?
-62
In base 16, what is 0 + -ba4?
-ba4
In base 3, what is -12212 - -11?
-12201
In base 16, what is -8 - -45?
3d
In base 2, what is 11 + -1110011?
-1110000
In base 9, what is 2 + 1085?
1087
In base 7, what is 0 + 45?
45
In base 11, what is -101 - 0?
-101
In base 6, what is -252 + 1?
-251
In base 3, what is -2 + -2201?
-2210
In base 13, what is 4 - 139?
-135
In base 11, what is 95 + -5?
90
In base 9, what is -4 + -75?
-80
In base 13, what is -3 + b2?
ac
In base 14, what is d69 - 6?
d63
In base 12, what is 0 - 16?
-16
In base 6, what is -4 + -1045?
-1053
In base 3, what is -2 - 12?
-21
In base 15, what is 4 + -c?
-8
In base 7, what is 12 - -11?
23
In base 16, what is fd0 - -3?
fd3
In base 2, what is 11 + 11000000000?
11000000011
In base 5, what is 4230 + -3?
4222
In base 11, what is 90 - 11?
7a
In base 13, what is 17 - 24?
-a
In base 12, what is -81a + 1?
-819
In base 2, what is 1111 - 1001100?
-111101
In base 14, what is -1b + 14?
-7
In base 3, what is 211221 + -22?
211122
In base 9, what is -246 - -2?
-244
In base 11, what is -5 + 47?
42
In base 12, what is -55 - -1?
-54
In base 16, what is -161 - -1?
-160
In base 3, what is -122121 - 10?
-122201
In base 7, what is 14 + -23?
-6
In base 12, what is 38 - -40?
78
In base 8, what is -1451 - 4?
-1455
In base 8, what is 422 - 1?
421
In base 8, what is -12 + -152?
-164
In base 5, what is -2242 + -2?
-2244
In base 13, what is -3 + -1c?
-22
In base 10, what is -13 + 72?
59
In base 9, what is -16 - -3?
-13
In base 9, what is -207 + -5?
-213
In base 13, what is 44 - -b?
52
In base 16, what is 0 - 32?
-32
In base 3, what is -212222 - 20?
-220012
In base 9, what is 66 + 4?
71
In base 9, what is 0 + -2232?
-22